f r?
11
Let r(j) = -1 - 2 + 3*j - 2. What are the prime factors of r(6)?
13
Let j(f) = 3*f**2 - 6*f + 7. What are the prime factors of j(4)?
31
Let j(x) = x**3 - 13*x**2 + 17*x + 3. What are the prime factors of j(13)?
2, 7
Let d = -5 - -14. What are the prime factors of d?
3
Let w = 1 + -2. Let p(o) be the second derivative of 2*o**4/3 - o**3/6 - 3*o. What are the prime factors of p(w)?
3
List the prime factors of 6*(1566/(-4))/(-9).
3, 29
Let r be 1/(-3) + (-16)/(-3). Suppose 93 = 2*v - 3*m, 6*m + 265 = 5*v + r*m. Suppose -n - 5*s - 2 = 4, 5*n - 3*s - v = 0. What are the prime factors of n?
3
Let s(j) = -2*j**2 - 24 + 3*j**2 + 66. List the prime factors of s(0).
2, 3, 7
List the prime factors of (-65)/(-15) - 4 - 430/(-6).
2, 3
Suppose 12 = 4*i - 4. List the prime factors of i.
2
Suppose -3*q - 5*y + 162 = 0, -4*q = 5*y - 109 - 102. List the prime factors of q.
7
Let v be (-1 - -1) + 0/(-4). Suppose 3*y = -v*y. Suppose y = -6*u + u + 35. List the prime factors of u.
7
Let o(m) = -6*m**3 + m**2 - 1. Let q be o(-1). Let t = -10 - -18. Let g = t + q. List the prime factors of g.
2, 7
Suppose 0 = -6*r + 1151 - 161. What are the prime factors of r?
3, 5, 11
Let j(a) = -a**3 - 6*a**2 - a + 6. List the prime factors of j(-7).
2, 31
Suppose 2*k - 216 = -2*k. Let h = k + -38. List the prime factors of h.
2
List the prime factors of (-4)/5*(-130)/2.
2, 13
Let i = 2 - -6. What are the prime factors of i?
2
Let z = -2 - 0. What are the prime factors of (-15)/z*(-2)/(-3)?
5
Suppose 12 = -0*d + 3*d. Let l = 6 - d. Suppose f = -l*f + 9. List the prime factors of f.
3
Let i(a) = -a**2 - 12*a + 6. What are the prime factors of i(-7)?
41
Suppose -2*m + 202 = 3*i - 3*m, -4*i - 3*m + 252 = 0. What are the prime factors of i?
2, 3, 11
Let q = -20 + 66. List the prime factors of q.
2, 23
Suppose 5*x - 62 = 3*x. List the prime factors of x.
31
Suppose k + 4 = 3*k. List the prime factors of k.
2
Suppose 2*a - a = 8. Suppose 3*b = t - a, 6*t = 2*t - 4*b + 64. List the prime factors of t.
2, 7
Suppose -3*n + 5*f - 3*f - 8 = 0, 4*n - f = -4. Suppose n*s + 24 = 3*s. What are the prime factors of s?
2
Let n(c) = -c**3 - 8*c**2 + 9*c - 3. Let r be n(-9). Let i = 6 + r. Suppose 24 = -0*m + i*m. List the prime factors of m.
2
Let y = 116 + -63. Let g = y + -38. What are the prime factors of g?
3, 5
Suppose -4*f = -2*p, 0*p = p. Let r = f + -5. Let l = r + 8. What are the prime factors of l?
3
List the prime factors of 5 - (-1)/(4/420).
2, 5, 11
What are the prime factors of 98/(-2)*-7 - 9/3?
2, 5, 17
Let q(s) = -2*s**3 - s. Let f be q(-1). Suppose -5*k - 3*i + 94 = 0, 3*k = 2*k - f*i + 14. List the prime factors of k.
2, 5
Let b(d) = -9*d - 15. List the prime factors of b(-16).
3, 43
Suppose 439 = 2*s + 2*o + 31, 818 = 4*s + 3*o. List the prime factors of s.
2, 103
Let a = 93 + -47. Suppose -4*i + 14 = -a. What are the prime factors of i?
3, 5
Suppose 2*w + 400 = 10*w. What are the prime factors of w?
2, 5
Let y = 117 + -27. List the prime factors of y.
2, 3, 5
Let g = 253 + -138. What are the prime factors of g?
5, 23
Let q(h) = -4*h**2 + 17*h + 11. Let f(k) = 2*k**2 - 8*k - 5. Let d(n) = 13*f(n) + 6*q(n). List the prime factors of d(2).
5
Suppose -3*g + 17 = -40. List the prime factors of g.
19
Let k(y) = 3*y**2 + 7*y + 38. List the prime factors of k(-6).
2, 13
Let o = 3 + -8. Let c = o + 8. What are the prime factors of c?
3
Suppose -909 = -5*x - r, x = -r - r + 180. List the prime factors of x.
2, 7, 13
Let b(p) = p**2 - 13*p - 3. List the prime factors of b(16).
3, 5
Suppose 7*m - 6*m = 98. List the prime factors of m.
2, 7
Let v(z) = -z**3 + 17*z**2 - 13*z - 12. What are the prime factors of v(16)?
2, 3
Let w(p) = -p**3 + 2*p**2. Let c be w(1). Let t(b) = 2*b. What are the prime factors of t(c)?
2
Let y(q) = -2*q - 4. Let j be y(-3). Let s(f) = 10*f**3 - f**2 - f. Let x be s(-1). List the prime factors of x/((j + 0)/(-2)).
2, 5
Suppose 3*c = -2*w + 5, -2*c + 1 = 4*w + 3. Suppose c = -3*t - 9. Let k = t - -10. What are the prime factors of k?
2, 3
Let y = -8 + 13. List the prime factors of y - ((-2 - -1) + 2).
2
Let u(g) = 4*g - 9. Suppose 6*s = -7 + 73. What are the prime factors of u(s)?
5, 7
Suppose 2*p = 3*p - 31. Suppose -d - 3 = -p. List the prime factors of d.
2, 7
Let u(j) = j**3 + 10*j**2 + 4*j + 9. Let d be u(-9). What are the prime factors of 3/12 - d/(-8)?
7
Let p(l) = -2*l**3 + 2*l + 5. List the prime factors of p(-4).
5
Suppose 2*w = -2*l + 656, 0*w + 3*l = -2*w + 653. What are the prime factors of w?
331
Let d(y) = y**3 + 5*y**2 - 2. What are the prime factors of d(-4)?
2, 7
Suppose -d + 0*d = -5. What are the prime factors of d?
5
Let f = -78 - -129. List the prime factors of f.
3, 17
Let h = -27 - -43. Suppose 0 = 2*t - h - 0. What are the prime factors of t?
2
Let j(g) = g + 14. Let p(x) = -1. Let i(u) = j(u) - 2*p(u). What are the prime factors of i(0)?
2
Let a = -373 + 535. What are the prime factors of a?
2, 3
Let m be 1/(-3 - (-48)/15). Suppose a - 3*y + 24 = 4*a, 4*a = y + 17. Suppose -70 = -a*q - 5*h, m = -q - 4*h + 34. What are the prime factors of q?
3
Let q be 190/4 + 10/(-20). Let i = -34 + q. What are the prime factors of i?
13
Suppose 2*d + 68 = -2*d. Let i = -11 - d. What are the prime factors of i?
2, 3
Let j(b) be the third derivative of b**5/60 - b**4/8 + b**3/6 + 3*b**2. What are the prime factors of j(5)?
11
Let j = 18 - 13. Let o = 2 - j. Let s = -1 - o. List the prime factors of s.
2
Let q be 3/((5 - 2)/3). Suppose 5*n + 10 = -4*w + 8*w, -3*n - q = -3*w. List the prime factors of (-96)/(-10) + n/(-15).
2, 5
Suppose b = 3*b + g - 249, 4*b + 5*g - 489 = 0. Suppose -4*f = -f + 4*m - b, f - 5*m = 61. List the prime factors of f.
2, 23
Let v(h) = 13*h**2 - h. Let a be v(-1). Let j be (-7)/(a/(-4)) + 11. Suppose -j = 3*l - 73. List the prime factors of l.
2, 5
Let w be 15/(-2) - (-2)/4. Let n(o) = -o**2 - 9*o - 7. What are the prime factors of n(w)?
7
Let q(d) = -d**2 + 39*d - 23. List the prime factors of q(28).
3, 5, 19
Let k(r) = r**3 + 6*r**2 - 6. Let q be k(-6). Let s = q - -8. What are the prime factors of 3/(-2)*-1*s?
3
List the prime factors of -5*3/((-60)/8).
2
Let l = -24 + 45. List the prime factors of l.
3, 7
What are the prime factors of 44/2 - (4 + 0)?
2, 3
Let g = -70 - -190. What are the prime factors of g?
2, 3, 5
Suppose 0*b + 2*b + 2 = 0. List the prime factors of (2 + b)*(4 - 2).
2
List the prime factors of (-24720)/200*(-1 + (-3)/2).
3, 103
Suppose 10 = c - 5. What are the prime factors of c?
3, 5
Let j be 1*(3 - 0 - -1). Suppose j*q = -17 - 55. Let g = q + 26. List the prime factors of g.
2
Let x(z) = z**2 - 3*z - 7. Let j be x(5). Let p(b) be the third derivative of 7*b**4/24 - b**3/3 - b**2. What are the prime factors of p(j)?
19
Let g(i) = i - 2. Let n be g(7). Suppose -n*u - 3*x + 136 = 0, 2*x = 2 + 2. List the prime factors of u.
2, 13
Suppose 771 = 5*n - 94. What are the prime factors of n?
173
Let z(i) = i**2 - 5*i - 5. Let l be z(-5). Suppose 0 = 2*m + 3*m - l. Let c = m + 1. List the prime factors of c.
2, 5
Let b(s) = 13*s**3 + 2*s**2 - 2*s + 1. Let x be b(1). Let g = x - 5. Let q = g + 1. What are the prime factors of q?
2, 5
What are the prime factors of (-2 - -18)*(12*1 - 2)?
2, 5
Let z = 0 - -9. Let p = z + 11. What are the prime factors of p?
2, 5
List the prime factors of 3696/(-32)*(-8)/6.
2, 7, 11
Let t = -39 + 57. What are the prime factors of t?
2, 3
Let j = 4 - -15. List the prime factors of j.
19
Let r = 20 - -206. List the prime factors of r.
2, 113
Let r(v) = -v**2 + 5*v - 2 + 0*v**2 + 4*v. Let p be r(5). Suppose 0 = 5*l - 2*l - p. What are the prime factors of l?
2, 3
Suppose -5*s + 7 + 8 = 0. Let v(l) = l**3 - l**2 + l - 4. What are the prime factors of v(s)?
17
Let l be 0 - (24*-1)/3. Let u(t) = 5*t**3 + 3*t**2 - 7*t - 6. Let j(i) = i**3 - i**2. Let o(v) = -6*j(v) + u(v). What are the prime factors of o(l)?
2
List the prime factors of (-5 - (-24 + 4))*1*6.
2, 3, 5
Let q be (3/4)/((-3)/(-48)). What are the prime factors of q/(6/3) - 1?
5
Let h(l) = -l**3 - l**2 + 4*l + 9. List the prime factors of h(-3).
3, 5
Let b be (-27)/2*(6 - 4). Let a = 58 + b. List the prime factors of a.
31
Let a be (-1)/2 - 556/(-8). Suppose 0 = -3*m + a - 30. What are the prime factors of m?
13
Let x = -14 